 1912?
False
Does 14 divide 1106?
True
Is 66 a factor of 198?
True
Is 13500 a multiple of 15?
True
Is 76094 a multiple of 47?
False
Is 88 a factor of 13464?
True
Does 32 divide 11424?
True
Is 49 a factor of 10829?
True
Is 22 a factor of 19553?
False
Is 128 a factor of 1920?
True
Does 11 divide 196?
False
Is 3838 a multiple of 101?
True
Does 19 divide 25650?
True
Is 23 a factor of 23?
True
Is 1403 a multiple of 61?
True
Does 47 divide 8319?
True
Is 15 a factor of 2690?
False
Is 18 a multiple of 4?
False
Is 3 a factor of 399?
True
Does 155 divide 38905?
True
Does 30 divide 12795?
False
Is 2428 a multiple of 50?
False
Does 11 divide 3719?
False
Is 19 a factor of 115052?
False
Is 232 a multiple of 29?
True
Is 357 a multiple of 17?
True
Is 2 a factor of 1581?
False
Is 966 a multiple of 46?
True
Is 26 a factor of 815?
False
Does 104 divide 938?
False
Does 92 divide 102396?
True
Does 23 divide 7189?
False
Does 6 divide 1398?
True
Is 266 a multiple of 24?
False
Is 36594 a multiple of 9?
True
Is 37 a factor of 5402?
True
Is 2216 a multiple of 121?
False
Is 34 a factor of 578?
True
Is 5740 a multiple of 140?
True
Is 1853 a multiple of 51?
False
Is 505 a multiple of 81?
False
Does 44 divide 4356?
True
Is 18 a factor of 12726?
True
Is 492 a multiple of 41?
True
Is 35 a factor of 307?
False
Is 63 a factor of 11466?
True
Is 16 a factor of 527?
False
Does 128 divide 26457?
False
Is 9177 a multiple of 25?
False
Does 271 divide 32438?
False
Is 44 a factor of 646?
False
Is 13 a factor of 5759?
True
Is 27230 a multiple of 13?
False
Is 12 a factor of 936?
True
Does 9 divide 23616?
True
Does 105 divide 68460?
True
Is 5090 a multiple of 10?
True
Is 2 a factor of 58?
True
Is 6 a multiple of 6?
True
Is 4502 a multiple of 42?
False
Does 39 divide 31629?
True
Is 34 a factor of 671?
False
Does 8 divide 30512?
True
Is 504 a multiple of 36?
True
Is 43 a factor of 473?
True
Does 75 divide 8250?
True
Does 14 divide 1948?
False
Is 192 a multiple of 4?
True
Is 261 a multiple of 29?
True
Is 1493 a multiple of 19?
False
Is 5 a factor of 59886?
False
Is 15 a factor of 38564?
False
Is 12669 a multiple of 22?
False
Is 12 a factor of 9948?
True
Is 16759 a multiple of 149?
False
Is 21102 a multiple of 216?
False
Does 16 divide 659?
False
Is 10276 a multiple of 24?
False
Is 9729 a multiple of 9?
True
Does 5 divide 1923?
False
Is 21 a factor of 7329?
True
Is 16926 a multiple of 42?
True
Is 64 a factor of 11844?
False
Is 23 a factor of 1876?
False
Does 85 divide 5185?
True
Does 104 divide 6759?
False
Does 38 divide 666?
False
Does 37 divide 888?
True
Is 23518 a multiple of 31?
False
Is 2155 a multiple of 42?
False
Does 52 divide 9828?
True
Is 71 a factor of 45156?
True
Does 143 divide 10868?
True
Is 9 a factor of 37968?
False
Does 31 divide 457?
False
Is 8804 a multiple of 28?
False
Is 16 a factor of 560?
True
Is 10 a factor of 1919?
False
Is 184 a factor of 71173?
False
Is 14 a factor of 374?
False
Is 56 a multiple of 28?
True
Does 12 divide 1452?
True
Is 198 a factor of 12527?
False
Does 37 divide 139?
False
Is 10 a factor of 160?
True
Is 10 a factor of 35871?
False
Is 17950 a multiple of 50?
True
Does 179 divide 44571?
True
Is 4 a factor of 11729?
False
Does 4 divide 28?
True
Is 665 a multiple of 95?
True
Is 12 a factor of 939?
False
Does 98 divide 5390?
True
Does 93 divide 797?
False
Is 4004 a multiple of 44?
True
Is 41 a factor of 1480?
False
Is 109 a factor of 4893?
False
Is 21 a factor of 1890?
True
Does 80 divide 1408?
False
Is 266 a multiple of 38?
True
Does 14 divide 3673?
False
Is 1998 a multiple of 111?
True
Is 1080 a multiple of 24?
True
Is 143 a factor of 10415?
False
Does 16 divide 121846?
False
Does 166 divide 13372?
False
Does 10 divide 4820?
True
Is 96 a factor of 1248?
True
Is 817 a multiple of 19?
True
Is 2659 a multiple of 282?
False
Is 231 a multiple of 21?
True
Is 63 a multiple of 2?
False
Is 18 a factor of 5922?
True
Is 537 a multiple of 2?
False
Is 20 a factor of 6704?
False
Does 10 divide 31660?
True
Does 12 divide 372?
True
Is 3 a factor of 37037?
False
Does 12 divide 5224?
False
Is 9 a factor of 13138?
False
Is 59 a factor of 865?
False
Does 42 divide 672?
True
Is 1862 a multiple of 19?
True
Is 40 a factor of 40?
True
Is 1429 a multiple of 98?
False
Does 24 divide 6602?
False
Does 8 divide 4002?
False
Is 2459 a multiple of 11?
False
Does 25 divide 525?
True
Is 837 a multiple of 34?
False
Is 3206 a multiple of 14?
True
Is 20 a factor of 2040?
True
Is 66 a factor of 990?
True
Is 1260 a multiple of 28?
True
Is 242 a factor of 25410?
True
Is 553 a multiple of 79?
True
Does 16 divide 400?
True
Does 101 divide 12814?
False
Is 12 a factor of 516?
True
Is 4783 a multiple of 9?
False
Does 183 divide 19215?
True
Does 15 divide 20715?
True
Does 10 divide 268?
False
Is 4370 a multiple of 3?
False
Is 5658 a multiple of 19?
False
Is 30 a factor of 44130?
True
Is 5761 a multiple of 26?
False
Is 6 a factor of 516?
True
Is 78 a factor of 4290?
True
Is 30440 a multiple of 85?
False
Does 12 divide 5160?
True
Does 19 divide 4850?
False
Is 71 a factor of 16384?
False
Does 150 divide 27763?
False
Does 114 divide 7524?
True
Is 93 a factor of 12369?
True
Is 810 a multiple of 15?
True
Is 53 a factor of 180?
False
Is 252 a multiple of 18?
True
Is 9 a factor of 28413?
True
Does 33 divide 495?
True
Does 14 divide 11964?
False
Is 3033 a multiple of 82?
False
Is 6 a factor of 1386?
True
Is 735 a multiple of 21?
True
Does 9 divide 198?
True
Is 420 a multiple of 10?
True
Does 27 divide 2776?
False
Does 46 divide 2644?
False
Is 50 a multiple of 4?
False
Is 41 even?
False
Is 8 a factor of 520?
True
Is 26 a factor of 5122?
True
Does 6 divide 1404?
True
Is 2182 a multiple of 5?
False
Is 40 a factor of 766?
False
Is 41 a factor of 5064?
False
Does 72 divide 111?
False
Is 36426 a multiple of 26?
True
Is 22 a factor of 1408?
True
Is 56 a multiple of 4?
True
Is 1699 a multiple of 50?
False
Is 7 a factor of 423?
False
Is 37 a factor of 23162?
True
Is 53 a factor of 717?
False
Does 63 divide 6174?
True
Is 35 a factor of 175?
True
Does 62 divide 2445?
False
Is 11242 a multiple of 14?
True
Is 39 a factor of 49374?
True
Is 2541 a multiple of 87?
False
Does 58 divide 8932?
True
Is 14 a factor of 1065?
False
Is 44 a factor of 78?
False
Does 46 divide 6738?
False
Does 52 divide 208?
True
Is 780 a multiple of 52?
True
Does 29 divide 447?
False
Does 27 divide 13092?
False
Does 114 divide 5586?
True
Is 36322 a multiple of 8?
False
Is 3834 a multiple of 70?
False
Is 111 a factor of 3051?
False
Does 42 divide 84?
True
Does 15 divide 637?
False
Is 11564 a multiple of 236?
True
Is 17 a factor of 1329?
False
Does 7 divide 1905?
False
Is 15504 a multiple of 38?
True
Is 10 a factor of 4960?
True
Is 4898 a multiple of 247?
False
Is 42 a factor of 2310?
True
Is 579 a multiple of 6?
False
Does 15 divide 525?
True
Is 77 a factor of 5293?
False
Is 6 a factor of 3036?
True
Is 14 a factor of 980?
True
Is 8 a factor of 111559?
False
Does 7 divide 14?
True
Is 6 a factor of 510?
True
Does 26 divide 597?
False
Does 6 divide 6360?
True
Does 6 divide 1076?
False
Does 7 divide 224?
True
Is 82 a factor of 9266?
True
Is 32841 a multiple of 20?
False
Is 17 a factor of 39559?
True
Is 27 a factor of 459?
True
Is 168 a factor of 1594?
False
Does 14 divide 1176?
True
Is 43483 a multiple of 266?
False
Is 12786 a multiple of 2?
True
Is 369 a multiple of 4?
False
Is 3 a factor of 4613?
False
Does 15 divide 21435?
True
Is 20447 a multiple of 253?
False
Is 16 a factor of 2144?
True
Does 13 divide 3094?
True
Is 60665 a multiple of 39?
False
Is 820 a multiple of 10?
True
Is 30 a factor of 7020?
True
Is 9726 a multiple of 36?
False
Is 312 a multiple of 13?
True
Does 41 divide 33078?
False
Is 263 a factor of 37609?
True
Does 121 divide 21659?
True
Is 402 a factor of 150348?
True
Is 14 a factor of 7434?
True
Is 11 a factor of 1463?
True
Is 21 a factor of 3444?
True
Is 171 a multiple of 19?
True
Is 51106 a multiple of 254?
False
Is 35813 a multiple of 116?
False
Is 1898 a multiple of 6?
False
Is 15 a factor of 90?
True
Does 11 divide 2552?
True
Is 10 a factor of 3320?
True
Is 15 a factor of 840?
True
Does 20 divide 60?
True
Is 34 a factor of 25776?
False
Does 18 divide 4310?
False
Is 8736 a multiple of 3?
True
Is 66 a factor of 231?
False
Is